r when 7488 is divided by 14.
12
What is the remainder when 54154 is divided by 7?
2
What is the remainder when 1254 is divided by 140?
134
Calculate the remainder when 6234 is divided by 88.
74
Calculate the remainder when 5860 is divided by 1944.
28
Calculate the remainder when 490 is divided by 93.
25
Calculate the remainder when 3365478 is divided by 332.
326
Calculate the remainder when 62333 is divided by 487.
484
Calculate the remainder when 15687 is divided by 148.
147
Calculate the remainder when 42769 is divided by 130.
129
What is the remainder when 5186 is divided by 1227?
278
Calculate the remainder when 19327 is divided by 248.
231
Calculate the remainder when 1514 is divided by 155.
119
What is the remainder when 102232 is divided by 4868?
4
What is the remainder when 64630 is divided by 378?
370
Calculate the remainder when 1582 is divided by 201.
175
Calculate the remainder when 6330 is divided by 19.
3
Calculate the remainder when 7809 is divided by 7197.
612
Calculate the remainder when 237150 is divided by 45.
0
Calculate the remainder when 73336 is divided by 20.
16
What is the remainder when 2023 is divided by 331?
37
Calculate the remainder when 2560 is divided by 2493.
67
Calculate the remainder when 3006 is divided by 342.
270
Calculate the remainder when 580448 is divided by 950.
948
What is the remainder when 6438 is divided by 3208?
22
What is the remainder when 91095 is divided by 126?
123
Calculate the remainder when 34568 is divided by 207.
206
What is the remainder when 65682 is divided by 296?
266
Calculate the remainder when 22034 is divided by 2447.
11
Calculate the remainder when 49246 is divided by 50.
46
What is the remainder when 24613 is divided by 12?
1
Calculate the remainder when 75264 is divided by 25082.
18
What is the remainder when 2326 is divided by 611?
493
What is the remainder when 885416 is divided by 53?
51
What is the remainder when 2606 is divided by 1285?
36
What is the remainder when 4549 is divided by 50?
49
Calculate the remainder when 211 is divided by 77.
57
Calculate the remainder when 1098 is divided by 441.
216
Calculate the remainder when 246530 is divided by 22.
20
Calculate the remainder when 15441 is divided by 1831.
793
Calculate the remainder when 1379 is divided by 755.
624
What is the remainder when 95282 is divided by 31754?
20
What is the remainder when 182533 is divided by 91261?
11
Calculate the remainder when 10152 is divided by 42.
30
What is the remainder when 1113 is divided by 28?
21
What is the remainder when 2166 is divided by 317?
264
What is the remainder when 16332 is divided by 128?
76
What is the remainder when 4116189 is divided by 48?
45
What is the remainder when 412302 is divided by 51534?
30
What is the remainder when 49632 is divided by 4509?
33
What is the remainder when 7852982 is divided by 245?
242
What is the remainder when 604 is divided by 59?
14
What is the remainder when 24394 is divided by 34?
16
Calculate the remainder when 20321 is divided by 81.
71
What is the remainder when 169474 is divided by 34?
18
Calculate the remainder when 7117 is divided by 95.
87
Calculate the remainder when 6351 is divided by 42.
9
Calculate the remainder when 1924791 is divided by 366.
363
Calculate the remainder when 155174 is divided by 68.
66
What is the remainder when 10063 is divided by 201?
13
What is the remainder when 3562 is divided by 33?
31
What is the remainder when 2052 is divided by 499?
56
Calculate the remainder when 6831 is divided by 274.
255
What is the remainder when 11698 is divided by 66?
16
Calculate the remainder when 35392 is divided by 38.
14
Calculate the remainder when 74389 is divided by 18594.
13
Calculate the remainder when 88117 is divided by 235.
227
Calculate the remainder when 9764 is divided by 15.
14
Calculate the remainder when 23814 is divided by 77.
21
Calculate the remainder when 4919 is divided by 104.
31
What is the remainder when 10994 is divided by 5480?
34
Calculate the remainder when 85562 is divided by 27.
26
Calculate the remainder when 27115 is divided by 71.
64
What is the remainder when 401814 is divided by 44646?
0
Calculate the remainder when 16933 is divided by 45.
13
What is the remainder when 36161 is divided by 12043?
32
What is the remainder when 11383 is divided by 298?
59
What is the remainder when 580 is divided by 58?
0
Calculate the remainder when 453213 is divided by 48.
45
What is the remainder when 8471 is divided by 1275?
821
Calculate the remainder when 3882 is divided by 726.
252
What is the remainder when 6011 is divided by 6003?
8
Calculate the remainder when 2042 is divided by 683.
676
What is the remainder when 17327 is divided by 4329?
11
Calculate the remainder when 129395 is divided by 43129.
8
What is the remainder when 4074 is divided by 254?
10
Calculate the remainder when 38491 is divided by 12764.
199
What is the remainder when 6695 is divided by 69?
2
What is the remainder when 55787 is divided by 176?
171
Calculate the remainder when 24119 is divided by 103.
17
What is the remainder when 61981 is divided by 1998?
43
What is the remainder when 630242 is divided by 413?
4
What is the remainder when 5147 is divided by 56?
51
What is the remainder when 22199 is divided by 185?
184
What is the remainder when 35037 is divided by 319?
266
Calculate the remainder when 1115573 is divided by 17.
16
Calculate the remainder when 2295 is divided by 338.
267
Calculate the remainder when 45985 is divided by 171.
157
Calculate the remainder when 1957 is divided by 194.
17
What is the remainder when 1720882 is divided by 4390?
2
What is the remainder when 4265 is divided by 628?
497
What is the remainder when 25548 is divided by 175?
173
What is the remainder when 3614 is divided by 452?
450
Calculate the remainder when 2545 is divided by 429.
400
Calculate the remainder when 5323551 is divided by 26.
25
Calculate the remainder when 12148 is divided by 31.
27
Calculate the remainder when 361748 is divided by 957.
2
Calculate the remainder when 521848 is divided by 64.
56
What is the remainder when 582977 is divided by 2097?
11
What is the remainder when 525678 is divided by 384?
366
Calculate the remainder when 10047 is divided by 149.
64
What is the remainder when 411667 is divided by 137219?
10
What is the remainder when 75531 is divided by 5?
1
What is the remainder when 21100 is divided by 5263?
48
What is the remainder when 15350 is divided by 15345?
5
What is the remainder when 72651 is divided by 131?
77
What is the remainder when 8705 is divided by 2866?
107
What is the remainder when 6233 is divided by 422?
325
What is the remainder when 36575 is divided by 118?
113
What is the remainder when 2466 is divided by 498?
474
Calculate the remainder when 44226 is divided by 97.
91
What is the remainder when 182778 is divided by 481?
479
What is the remainder when 29049 is divided by 20?
9
What is the remainder when 2361 is divided by 5?
1
What is the remainder when 21633 is divided by 5367?
165
Calculate the remainder when 154233 is divided by 7010.
13
What is the remainder when 3202 is divided by 865?
607
What is the remainder when 262537 is divided by 7?
2
Calculate the remainder when 123687 is divided by 631.
11
Calculate the remainder when 612213 is divided by 22.
19
Calculate the remainder when 689 is divided by 511.
178
What is the remainder when 144906 is divided by 1330?
1266
What is the remainder when 7722 is divided by 369?
342
Calculate the remainder when 295570 is divided by 782.
756
Calculate the remainder when 18596 is divided by 454.
436
What is the remainder when 41598 is divided by 32?
30
What is the remainder when 16268 is divided by 440?
428
What is the remainder when 48708 is divided by 39?
36
What is the remainder when 799837 is divided by 1473?
1471
Calculate the remainder when 778 is divided by 16.
10
Calculate the remainder when 383630 is divided by 791.
786
Calculate the remainder when 539 is divided by 74.
21
What is the remainder when 1199 is divided by 371?
86
What is the remainder when 6482 is divided by 1975?
557
What is the remainder when 8192 is divided by 678?
56
What is the remainder when 2004 is divided by 930?
144
What is the remainder when 53773 is d